ivisor of a and v?
1
Let k(y) be the second derivative of -7*y**3/6 + y. Let d(z) = -z - 13. Let l be d(-7). Let f be k(l). What is the highest common divisor of f and 28?
14
Let u(z) = 27*z**3 + z**2. Let k be u(1). Let d be (-7)/(-9) - (-2)/9. Let x = d - -3. Calculate the highest common factor of x and k.
4
Let i be 91/(-2) + 2/4. Let g = i - -29. Let m be (g/12)/((-4)/42). Calculate the greatest common divisor of m and 140.
14
Let o be 1/(4/(-12)*-1). Let b be (-4)/((-12)/21) - o. Let c(d) = 2*d + 10. Let m be c(7). What is the highest common divisor of b and m?
4
Let k = 348 - 42. What is the greatest common divisor of k and 18?
18
Let h = -151 - 469. Let q be (-3)/9 - h/6. Let i be (-4)/(-6) - q/(-3). Calculate the highest common factor of i and 7.
7
Let t be 6*1/(-4)*-2. Suppose -195 = -3*c + k, 3*k = -t*c - 2*k + 177. Suppose -4*y - 16 = -48. What is the highest common divisor of y and c?
8
Suppose 3*x - 102 = -3*z + 7*z, 5*x - 2*z - 156 = 0. Suppose 8*a - x = -3*w + 3*a, 10 = w - 4*a. Calculate the highest common factor of w and 70.
10
Let m be 6/(1 - 5/2). Let a be (1 + (-285)/12)*m. What is the highest common factor of 13 and a?
13
Let n(x) = x - 7*x**3 + 3*x**3 - 3*x**2 + x**2 + 0*x - 1. Let l be n(-2). Calculate the highest common divisor of l and 3.
3
Let x(t) = -t**3 + 5*t**2 + 10*t - 8. Let r = 7 - 1. Let b be x(r). Suppose 3*n - 2*y - 1 = 1, n + 2 = 2*y. Calculate the greatest common divisor of n and b.
2
Suppose 73 = 2*j + m, -2*j + 2*m = -j - 44. Let x = -104 + 199. Calculate the greatest common divisor of j and x.
19
Let c = 25 - 10. Calculate the highest common factor of 135 and c.
15
Let j be (-2 - (-4 + 3))*-32. What is the highest common factor of j and 32?
32
Suppose 439 = 5*w + k, 357 = 4*w + k - 6*k. Suppose 3*m = 3*f - w + 235, 5*f = -20. Suppose 0 = -3*j - 6 + 96. Calculate the greatest common divisor of j and m.
15
Let t be (0 + -1)/(((-9)/(-105))/(-3)). What is the highest common factor of t and 7?
7
Suppose 4*o = 3*o + 344. Suppose 2*p = 70 + o. Calculate the highest common factor of p and 23.
23
Let z(l) = 4*l - 29. Let u be z(10). Calculate the greatest common factor of 33 and u.
11
Suppose q = 4*s - 2*s + 36, 5*s - 209 = -4*q. Calculate the greatest common factor of 46 and q.
46
Let x(v) = -v**2 - 6*v - 4. Let o be x(-4). Let y = 8 - 4. Calculate the highest common factor of o and y.
4
Suppose 2*p - 58 = -2*p + 3*s, 0 = -3*p + s + 41. What is the greatest common factor of 104 and p?
13
Suppose -5*q + 165 = -0*u + u, 20 = 4*u. What is the greatest common divisor of 352 and q?
32
Let s(i) = -i - 2. Let c be s(-7). What is the greatest common divisor of 5 and c?
5
Suppose 4*x = 4*y - 28, -5*y - 3*x + 22 - 3 = 0. Suppose c - 6 = y. Calculate the highest common divisor of c and 1.
1
Suppose 4*w = 4*k - 32, -w = 2*k + 4*w + 12. Let q be 27/k + 9/(-12). What is the highest common divisor of 24 and q?
6
Let c = -82 + 152. Suppose -2*q + 42 = -0*w + 3*w, c = 5*w + 4*q. What is the greatest common factor of w and 14?
14
Suppose 0 = -4*d + 11 + 249. Suppose 2*k - 13 = 39. Calculate the greatest common divisor of k and d.
13
Suppose -2*p = -2 - 64. What is the highest common factor of 22 and p?
11
Suppose 0 = -5*m + 201 - 36. What is the highest common divisor of 132 and m?
33
Let j be (3/(-2))/(7/(-182)). Calculate the greatest common factor of j and 26.
13
Let r = -114 + 198. Suppose 0*l = m - l - 8, 0 = 4*l + 16. Suppose 5*k = -v + 75, r = m*k + 2*v - 6*v. What is the greatest common factor of k and 112?
16
Let o be 3*5/(30/424). Let c = o - 76. Calculate the highest common factor of c and 17.
17
Let x = 13 - 8. Let s = -5 - -12. Suppose s = 3*v + x*n - 25, 2*v - 17 = n. What is the greatest common divisor of 99 and v?
9
Let w = 84 + -59. Calculate the greatest common factor of 225 and w.
25
Let x(f) = 2*f. Let j be x(3). Let d be (-33)/2*j/(-9). Let y = d + 21. What is the greatest common factor of y and 80?
16
Let n be (-40)/(-12) - (-2)/3. Let s = 8 + -6. Suppose s*q = q - g + 7, -g + 15 = 3*q. What is the highest common factor of n and q?
4
Let r(y) = -5*y - 10. Let f be r(-7). Calculate the highest common divisor of 10 and f.
5
Let h = -2 - -10. Let q(m) = m**2 - 6*m + 6. Let r be (-39)/(-9) - 4/(-6). Let l be q(r). What is the greatest common factor of h and l?
1
Let r = -29 + 146. What is the highest common factor of 13 and r?
13
Let i = 5 - 3. Let o be 0 - (-2 - (-3 - -4)). Suppose 3*g - 26 = -2*c + 9, -o*g = -15. What is the highest common factor of i and c?
2
Let c be (2/4)/((-5)/(-120)). Suppose -v - 3*x - 3 = -c, -v - x + 17 = 0. What is the highest common divisor of v and 42?
21
Let j(q) be the second derivative of -q**5/20 + 7*q**4/12 - q**3/3 + 4*q. Let l be j(6). Calculate the highest common divisor of l and 60.
12
Let b(y) = 8*y - 8. Let u be b(6). Suppose 1 + 63 = 4*w. Calculate the greatest common divisor of w and u.
8
Suppose 6*l - 25 = l. Suppose -65 = -4*i + w, -w - w = 10. Calculate the greatest common divisor of i and l.
5
Suppose 0 = -p - m + 3 + 93, 3*m + 182 = 2*p. Let q = p - 40. Calculate the highest common divisor of q and 18.
18
Suppose 3*o + u = 0, 0*o + 2*o = -2*u. Let n be 0/(o + -2) + 8. Suppose -n*i + 4*i = -40. What is the greatest common factor of i and 30?
10
Let j = 7 - 2. Suppose -f = -6*f + 5*r + j, -4*f = -5*r. Suppose -f*d = -3*t + 27, t + 2*d - 19 = 7*d. What is the highest common divisor of 44 and t?
4
Let d be (-7 - 2)*(-3 - 0). Suppose -4*i - 4*c + c + 7 = 0, i = 5*c - d. Let h be i/3 + 64/6. Calculate the greatest common factor of h and 80.
10
Let w = -6 - -8. Suppose w*b = b - 5*d + 18, 15 = 5*d. Suppose m + 6 - 17 = 4*c, -8 = -2*c. Calculate the highest common divisor of m and b.
3
Suppose 2*l - 5 = 25. Suppose -i - 4*o - l = 0, -i + 3*o = 2*o - 5. Suppose 79 + 31 = 10*f. Calculate the greatest common divisor of i and f.
1
Suppose -2*r + 28 = -0*r. Let u = 7 + -5. Let c be u*3/(-6)*-28. What is the greatest common divisor of c and r?
14
Let m be 3*((-138)/(-8) - 1/4). What is the highest common divisor of 204 and m?
51
Suppose 0 = 3*p, -g - 4*p + 0 = -4. What is the highest common divisor of 20 and g?
4
Suppose -n - 2*n - 3 = 0. Let t be (-1 - -9)*n/2. Let c be ((-22)/(-4))/((-1)/t). What is the greatest common factor of c and 33?
11
Let c be (3/(-5))/(1/5). Let b(m) = 1. Let o(w) = 2*w - 9. Let s(q) = -22*b(q) - 2*o(q). Let d be s(c). Calculate the highest common factor of d and 2.
2
Let p = 23 - 5. What is the greatest common divisor of p and 2?
2
Let n = -17 - -14. Let g = n - -13. What is the greatest common factor of g and 80?
10
Let a = -1 + 3. Let p = 6 - a. Suppose -8 = -0*i - 2*i. Calculate the highest common factor of i and p.
4
Let r be 4/16 - 190/(-8). Let i(j) = j**2 + 4*j + 6. Let b be i(-6). Let v = b - 6. Calculate the highest common factor of r and v.
12
Let g = -4 - -9. Suppose -2 = -6*o + 58. Calculate the greatest common divisor of g and o.
5
Suppose v - 6 = -2. Suppose 20 + 0 = 4*k + 4*h, -2*h = -v. Calculate the greatest common divisor of k and 27.
3
Let x = 5 + -3. Let u be (-4)/x - -11*1. Calculate the highest common divisor of 9 and u.
9
Suppose 4*m - 113 = -5*s, 0*s + m + 103 = 4*s. What is the highest common factor of s and 100?
25
Suppose 4*m = -2*t - m + 232, -m + 361 = 3*t. Calculate the greatest common divisor of 11 and t.
11
Suppose -4*w = -124 - 212. What is the greatest common factor of w and 56?
28
Let s(h) = -h**2 - 8*h + 21. Let n be s(-5). Calculate the highest common factor of 9 and n.
9
Let l be 17/(2/((-2)/(-1))). Suppose -2*u - 8 = -6*u. Suppose -7*o = -3*o - u*t - 58, -2*t = 2*o - 44. Calculate the greatest common divisor of l and o.
17
Let v(g) = -g**2 + 12*g + 22. Let u be v(13). Calculate the greatest common divisor of 27 and u.
9
Suppose -3*y - 5*p = 25, -p = 5*y - 2*p - 5. Suppose -4*h + 44 = -y. What is the greatest common divisor of h and 110?
11
Let p = 22 + 5. Suppose 5*y - p = 2*y. Let q(n) = -n + 16. Let f be q(7). Calculate the highest common divisor of y and f.
9
Let h = -3 - -8. Suppose 0 = -f + 21 + 14. Calculate the highest common divisor of h and f.
5
Suppose -5*g + 0*g = -405. Calculate the highest common factor of g and 9.
9
Let q be (-2 + -920)/(-2) - 1. Suppose 280 = 3*h + 4*c - 0*c, -5*c = 5*h - q. 